at is i(5)?
-7
Let z(x) = 11*x**3 - x**2 + x - 1. Suppose 10*l - 5*l = 55. Suppose -3*a + 6*f + 12 = 3*f, -l = -5*a + 2*f. Give z(a).
10
Let b(k) = k**2 + 9*k + 7. Let u(f) = -f**3 - 3*f**2 + 4*f. Let m be u(-4). Suppose 5*v - 10 = m, 2*p - v + 9 = p. Calculate b(p).
-7
Let l be -6*(-2 + 8/3). Let a(c) = 32*c**3 + 24*c**2 - 11*c - 30. Let g(n) = -5*n**3 - 4*n**2 + 2*n + 5. Let q(h) = 2*a(h) + 13*g(h). Give q(l).
-11
Let u(j) = 0 - 4*j + 2 - 4*j**2 + 3*j**2 - 1. Let n = -554 - -551. What is u(n)?
4
Let r be 0/(-3 + (-5)/(-1)). Let b(n) = -n**3 - n**2 - n + 11. Determine b(r).
11
Let x(q) = 8 + 5*q**3 + 20 - 16*q**2 - 17 - 9*q. Let i(z) = z**3 - z**2 + 1. Let k(r) = 6*i(r) - x(r). Give k(-9).
-5
Let t(o) = -o**2 - 6*o - 2. Let r be (6/9)/(6/27). Let z be 3 - (3 - (-4 + r)). Let j be (-3)/(-3) - 7 - z. What is t(j)?
3
Let w(t) be the second derivative of t**3/3 - 9*t**2/2 + 81*t. Calculate w(7).
5
Let f(w) = 2 - 2 - 8 + 3 - 3*w. Let m be 1/(3/(9 + -3)). Suppose -3*s - 2*c - 20 + m = 0, 0 = -2*c - 6. What is f(s)?
7
Let r(t) = -t**3. Suppose 0 = -3*j + 15*j - 11*j. Let p be r(j). Let y(b) = -b**2 - 8. Calculate y(p).
-8
Let k(d) be the second derivative of -d**4/12 - d**3/3 + 2*d + 106. Determine k(3).
-15
Let l be 6/(-8) - 87/348. Let c(o) = 18*o - 2. Determine c(l).
-20
Let w(u) = 0*u + u + 4*u**2 - 3 + u + u**3. Let r(g) = g**3 + 11*g**2 + 7*g - 33. Let j be r(-10). What is w(j)?
0
Let x = 51 + -51. Let y(j) = 3 + j**2 + x*j**2 + 2*j + 0*j**2 - 6*j. Determine y(5).
8
Suppose -4*b = -3*b - 56. Let x be (b/70)/(2/5). Let m(g) = 9*g + 2. Give m(x).
20
Let g(b) be the third derivative of b**6/120 + b**5/20 - 7*b**3/6 + 526*b**2. Calculate g(-3).
-7
Let o(k) = k**2 + 11*k + 16. Let c be o(-8). Let l(s) be the first derivative of s**3/3 + 4*s**2 + s + 1. Determine l(c).
1
Let f(z) = z**2 + 3*z. Let o(r) = 5*r - 6. Let q(g) = -11*g + 13. Let v(u) = 13*o(u) + 6*q(u). Let p(k) = -f(k) - 4*v(k). Calculate p(2).
-2
Let h be (-1)/((-3)/(-2) + 9/(-18)). Let g(w) be the third derivative of -7*w**5/60 + w**3/6 + 5*w**2. Give g(h).
-6
Let f(u) = -6*u - u - 10 + 2*u - 5. Determine f(-7).
20
Let a be 5 - (13/15 - 106/(-795)). Let b(q) = -q - 2*q + 2*q. Calculate b(a).
-4
Let j be (-2)/(-7) + (-3 - 1089/(-378)). Let n(v) be the second derivative of -v**2 - 6*v + 0 - j*v**3. Give n(0).
-2
Let v(s) = -4*s - 13. Suppose 119*x - 109*x = -70. Determine v(x).
15
Let v(a) = a**2 + 4*a + 2. Suppose -d - 94 = -5*q, 4*d = -q + 8*d + 15. Let m = q + -25. Determine v(m).
14
Let z(j) = j**3 + 6*j**2 - 3*j - 11. Suppose -8*i + 22 = -5*x - 6*i, 3*i + 12 = 0. Calculate z(x).
7
Suppose -2*m = -5*m + 9. Let k = -8 - -10. Let b(p) = -53*p + 0 + 2 + 51*p + p**3 - 2*p**k. Determine b(m).
5
Let i(r) be the first derivative of r**4/4 + r**2/2 + 10*r - 41. What is i(0)?
10
Let b(p) = -p**2 + 7*p**2 + 5*p + 7*p**2 + 6 - 12*p**2. Determine b(-5).
6
Let v(x) be the third derivative of 7/6*x**3 + 0 - 1/24*x**4 + 0*x + 16*x**2. Calculate v(7).
0
Let k(o) be the first derivative of -o**4/4 + 19*o**3/3 - o**2/2 + 21*o + 304. What is k(19)?
2
Let m(c) = -4*c**3 + 3*c**2 + 5*c - 6. Let n(r) = -6*r**3 + 5*r**2 + 8*r - 11. Let h(p) = 5*m(p) - 3*n(p). Give h(2).
-11
Suppose 24*q + 12 = 26*q. Let r(y) be the first derivative of y**3/3 - 4*y**2 - 3*y + 2. Determine r(q).
-15
Let g(m) = -2*m**3 + 23*m**2 - 21*m + 13. Let u(i) = -i**3 + 12*i**2 - 11*i + 7. Let h(a) = 4*g(a) - 7*u(a). Calculate h(7).
3
Let p = 16 - 16. Let b(h) = -5*h**2 - 2 + p + 4*h**2. Let m = 5 - 3. What is b(m)?
-6
Let m(t) = -75*t + 71*t - 24 + 6 + 6 + 4. What is m(-11)?
36
Let a(n) = 11*n + 23. Let d(r) = 4*r + 7. Let g(z) = 3*a(z) - 8*d(z). Give g(-8).
5
Let i be (2/(-15)*-3)/(4/10). Let b(x) = 5*x + i - 8*x - 3 + 4*x. Calculate b(-3).
-5
Let y be 0 - (2 + (-6)/(-3))/(-2). Let m(p) = 3*p**2 - 6*p**2 - 1 - y*p**3 + 2*p**2 + 2*p. Calculate m(-2).
7
Let c be (-3 + 0)*(-28)/(-21). Let x = -13 + 16. Let t(k) = k + x*k - 4 - 5*k. Determine t(c).
0
Suppose 172 + 43 = 5*b. Let f = b - 35. Let m = f - 8. Let v(a) = -a**2 + 5. What is v(m)?
5
Suppose l + 4*c = 2*l + 24, 0 = -l + 5*c - 27. Let d = l + 6. Let z(i) = i + 14. What is z(d)?
8
Let s = 14 - 2. Suppose 3*t = 7*t + s. Let h(i) be the second derivative of i**4/6 + 5*i**3/6 + 3*i**2/2 + 2*i. Determine h(t).
6
Let w = 40 - 37. Let d(h) = -10*h**w + 11*h**3 - 1 - 5. Give d(0).
-6
Let k(i) = -7*i**3. Let h be k(1). Let y(l) be the first derivative of -l**3/3 - 7*l**2/2 - l - 378. Calculate y(h).
-1
Let f be 1 - ((0 - 44) + 1). Suppose -3*o - 3*z + 36 = 0, -o - 78 = -6*o + 4*z. Suppose -f = 5*q - o. Let w(b) = -b**3 - 5*b**2 + 7*b + 9. What is w(q)?
3
Let a(g) = 5*g**2 - 1. Let c be a(-1). Let h(z) = 4 + z - 29*z**3 + 28*z**3 + c - 7*z**2. Let j(v) = -v**3 + 7*v**2 - 7. Let m be j(7). Calculate h(m).
1
Let f be 5/((-72)/9 + 7). Let u(v) = -3*v**3 - 3*v**2 + 2*v + 7. Let l(w) = w**3 - w**2 - 1. Let g(q) = 2*l(q) + u(q). Determine g(f).
-5
Suppose 2*b - 4*g - 34 = -b, 2*g - 4 = -2*b. Let s = b + -30. Let p = s - -22. Let x(t) = 2*t - 2. Give x(p).
-6
Suppose 4*m + d - 8 = 0, 5*m - 3*d = -0*d + 10. Suppose 3*f + 10 = 4*t + 2, -3*f + m*t = 10. Let i(z) = -z**3 - 4*z**2 - z + 5. Determine i(f).
9
Let p(m) be the first derivative of -21*m**2/2 - m - 49. Calculate p(-1).
20
Suppose 5*x = -10, 3*z - z = -3*x + 2. Let j(s) be the third derivative of s**6/120 - s**5/12 + 5*s**4/24 + s**3/6 - 2*s**2 + 421. What is j(z)?
5
Let l(o) be the third derivative of o**6/360 - o**5/24 - o**3/2 - 3*o**2. Let z(k) be the first derivative of l(k). Let m = -1 + 5. Give z(m).
-4
Let q(u) = -5*u**2 - u**3 + 2*u**2 - u + 2*u**2 + 2. Suppose -5*y + 261 = 261. Give q(y).
2
Let s(u) be the first derivative of 3*u**2/2 - 4*u + 61. Let f = -10 - -14. What is s(f)?
8
Suppose -18 = 6*c - 10*c + g, -c + 4*g + 12 = 0. Let a(z) = 2*z**2 - 2*z - 1. Determine a(c).
23
Let r(t) = t**3 + 4*t**2 - 5*t - 4. Let u = -28 + 24. Let z be (1/(-2))/((-1)/6). Let a be 1 + z + -5 + u. What is r(a)?
-4
Suppose -5*g + 130 = -4*s, s + 2*s + 82 = -4*g. Let o be (-6)/45 - (-26)/s. Let t(b) = b**3 + 2*b**2 - 79*b + 79*b. Give t(o).
1
Suppose 2*t + 9 = 2*v - 1, -2*t + 2 = 0. Let u(g) = -6*g + 228 - g - 212 + 0*g. Let o(m) = 8*m - 18. Let k(w) = 6*o(w) + 7*u(w). What is k(v)?
-2
Let v(s) = s + 2 + 1 + 0 - 7. Let f = 3 - -1. Suppose 30 = 5*c - n - n, 0 = -4*c - f*n + 24. What is v(c)?
2
Suppose w - 3*h = -9, -3*w + 4*h + 13 = 3*h. Let z(y) = w*y - 3*y + 2 - y. What is z(-7)?
-12
Suppose -71 = -6*n - 11. Let y(p) = p**3 - 11*p**2 + 10*p + 3. Determine y(n).
3
Let l(g) = -3 + 3*g + g**2 - 2*g**3 - 4*g**3 + 4*g**3. Let o(j) be the second derivative of j**3/2 + 17*j**2/2 + 5*j. Let k be o(-5). Calculate l(k).
-9
Suppose 2*b + 6 = 3*b. Let v(w) be the first derivative of w**3/3 - 9*w**2/2 + 7*w + 111. What is v(b)?
-11
Let u(y) = -y + 1. Let h(l) = 1. Suppose -2*z - 7 = -3. Let f(k) = k. Let x(d) = z*f(d) - 3*h(d). Let n(w) = -2*u(w) - x(w). Calculate n(-1).
-3
Let j(h) = h**3 + h**2 + 14. Let o(n) be the first derivative of n**4/4 + 2*n**3/3 - 5*n**2/2 - 4*n + 3. Let g be o(-3). Suppose v = -g*v. Calculate j(v).
14
Let y(f) = f - 11. Let g be y(8). Let h(j) = -5*j + 1 + 11 - 1 - 16 + 6. Calculate h(g).
16
Let c(q) be the second derivative of 2*q**3/3 + q**2/2 - 33*q. Calculate c(1).
5
Let l(y) be the third derivative of -y**6/120 - y**5/10 - y**4/8 - 3*y**3/2 + y**2. Let o be 38/33 + (-72)/54 - 832/143. What is l(o)?
9
Let u(s) be the first derivative of s**3/3 - 11*s**2/2 + 29*s + 176. What is u(9)?
11
Let d be -21 - (-4 - -2) - -1. Let b = d + 19. Suppose b = -i - 3*z - 1, 8 = -4*i + 3*z. Let g(y) = -y**2 - y - 1. Determine g(i).
-3
Let s(t) = -t - 3. Let b = -590 + 597. Determine s(b).
-10
Suppose -c + x - 5*x = 10, 4*c - 3*x = 36. Let q(m) be the second derivative of -m**3/6 + 3*m**2 - 5*m - 4. Give q(c).
0
Let x be 0 + 0 - (-27)/(-9). Let o(j) = -5*j + 2. Let n(q) = 6*q - 3. Let l(b) = -4*n(b) - 5*o(b). Calculate l(x).
-1
Let k(u) = -51*u - 200. Let i be k(-4). Let y(j) be the third derivative of 9*j**2 + 0*j**3 + 0*j + 0 + 1/60*j**5 - 1/4*j**i. Calculate y(3).
-9
Suppose 12*s + 4*s = 80. Let n(y) = -6 + 5 + 0 + y - 6. Give n(s).
-2
Let o(y) = 3*y + 8. Let z(c) = -c**2 + 4*c + 40. Let k be z(9). Determine o(k).
-7
Let y(s) = 2*s**3 + s**2 